greatest common factor of 25346 and 554668?
46
What is the greatest common factor of 78 and 4420402?
2
Calculate the greatest common factor of 39624747 and 57.
57
What is the greatest common factor of 20958 and 10808?
14
Calculate the greatest common divisor of 5994 and 702918.
162
What is the highest common factor of 44 and 614893752?
44
What is the highest common factor of 8084 and 59107388?
188
What is the greatest common divisor of 379300646 and 316?
158
Calculate the greatest common factor of 142 and 1322517.
71
What is the highest common divisor of 526 and 116093723?
263
Calculate the highest common factor of 976 and 82568.
8
Calculate the greatest common divisor of 4850 and 16395910.
970
What is the greatest common divisor of 863498964 and 12?
12
What is the greatest common divisor of 6437 and 2388284?
157
What is the highest common divisor of 1586483 and 907271?
331
Calculate the greatest common divisor of 106377 and 32155.
59
What is the greatest common divisor of 100166844 and 814?
74
What is the greatest common factor of 227 and 344945114?
227
Calculate the greatest common divisor of 5565 and 21483.
21
Calculate the highest common divisor of 497 and 2540877.
71
Calculate the highest common divisor of 11828201 and 131747.
2233
Calculate the greatest common divisor of 85426492 and 474.
158
What is the greatest common divisor of 9780 and 7278276?
1956
Calculate the highest common divisor of 543733 and 3652.
83
Calculate the greatest common factor of 98 and 62145804.
14
Calculate the highest common divisor of 973640 and 13737.
241
Calculate the highest common divisor of 3569 and 3835514.
43
What is the highest common divisor of 695162 and 494?
26
What is the highest common factor of 1021225772 and 834?
278
What is the greatest common divisor of 16404 and 34868?
4
Calculate the highest common factor of 1846 and 125892.
26
What is the greatest common divisor of 2219 and 61641601?
2219
Calculate the highest common factor of 1011712 and 9464.
104
What is the highest common factor of 511885959 and 2535?
507
Calculate the greatest common divisor of 455080 and 3224.
248
Calculate the greatest common divisor of 4181643 and 85.
17
Calculate the highest common factor of 191196 and 437988.
1356
Calculate the greatest common factor of 1790400 and 6690.
30
Calculate the highest common divisor of 1119731 and 3021.
53
What is the greatest common divisor of 347074 and 234?
26
Calculate the highest common divisor of 11 and 3835830119.
11
What is the highest common divisor of 5998 and 1617513649?
2999
Calculate the greatest common divisor of 188871416 and 16.
8
What is the highest common factor of 1669800 and 2244?
132
What is the highest common divisor of 28287 and 482517?
63
What is the highest common factor of 954 and 145211308?
106
What is the greatest common divisor of 1158 and 793015770?
1158
What is the highest common factor of 43504 and 180557914?
5438
Calculate the greatest common factor of 81192 and 1008984.
408
Calculate the highest common factor of 422350990 and 730.
730
Calculate the highest common factor of 20447 and 866387.
23
Calculate the greatest common factor of 44099 and 78584.
209
Calculate the highest common factor of 437558259 and 9117.
3039
What is the highest common factor of 53301345 and 15?
15
What is the highest common factor of 47008 and 614224?
208
What is the greatest common divisor of 270 and 2001330?
90
Calculate the highest common factor of 5506855 and 5.
5
What is the highest common divisor of 125837276 and 213?
71
Calculate the highest common factor of 5827004 and 828.
92
What is the highest common divisor of 148860 and 7?
1
What is the greatest common factor of 485204 and 845504?
4804
Calculate the greatest common factor of 80432849 and 91.
7
What is the greatest common divisor of 354686208 and 1952?
1952
Calculate the highest common divisor of 4834064 and 336.
16
What is the highest common factor of 30832 and 13376?
16
What is the highest common divisor of 12 and 632816?
4
Calculate the greatest common divisor of 85030192 and 130.
26
Calculate the highest common divisor of 12896 and 41788.
124
Calculate the highest common factor of 75340 and 1820.
20
What is the highest common divisor of 8707776 and 74613?
4389
Calculate the greatest common factor of 16 and 45664592.
16
Calculate the greatest common divisor of 492417036 and 603.
603
Calculate the highest common divisor of 1249997532 and 11676.
11676
Calculate the highest common divisor of 3271539 and 123238.
1433
Calculate the highest common factor of 1035747 and 58482.
1539
What is the greatest common factor of 995 and 323370025?
995
What is the highest common factor of 81129 and 36?
3
Calculate the greatest common factor of 27804 and 355411581.
6951
Calculate the greatest common factor of 1696119 and 65817.
213
What is the greatest common divisor of 16416848 and 224?
112
Calculate the greatest common divisor of 516 and 95604351.
129
Calculate the greatest common factor of 591 and 224951739.
591
What is the highest common divisor of 2060 and 297771970?
1030
Calculate the greatest common divisor of 7166800 and 570.
190
Calculate the greatest common factor of 27770844 and 478.
478
What is the greatest common divisor of 3992 and 61339076?
1996
Calculate the highest common factor of 110700 and 3525.
75
What is the greatest common divisor of 37812276 and 126?
18
What is the highest common factor of 410913 and 13652469?
4617
What is the highest common divisor of 332756 and 542758?
82
What is the greatest common divisor of 792 and 40345371?
99
Calculate the greatest common divisor of 5 and 3578120.
5
Calculate the highest common factor of 1909 and 12120573.
83
What is the highest common factor of 36480 and 343520?
3040
What is the highest common divisor of 1007 and 11561861?
19
What is the highest common factor of 775 and 2726086525?
775
Calculate the highest common factor of 10566605 and 398395.
3655
What is the highest common factor of 884 and 67734511?
221
Calculate the greatest common factor of 34902616 and 168.
56
What is the highest common factor of 22037946 and 1470?
294
What is the greatest common divisor of 2920 and 168827830?
730
Calculate the greatest common divisor of 15060 and 1564816830.
7530
What is the greatest common divisor of 145922 and 98?
98
Calculate the highest common divisor of 239895 and 24165.
135
What is the highest common factor of 2511 and 379161?
2511
What is the greatest common divisor of 840810 and 5730?
30
Calculate the greatest common divisor of 216 and 21043128.
24
Calculate the greatest common factor of 10164 and 9973788.
1452
Calculate the greatest common factor of 2699163 and 3092553.
1269
Calculate the greatest common divisor of 2516680 and 1070.
10
What is the greatest common divisor of 1236597440 and 3568?
3568
Calculate the highest common factor of 80605 and 43806.
49
What is the highest common divisor of 60035563 and 14?
7
What is the highest common factor of 35383 and 23411?
41
What is the highest common divisor of 1513844551 and 19?
19
Calculate the greatest common factor of 321392 and 794576.
848
Calculate the highest common divisor of 4716 and 2118564.
36
Calculate the greatest common factor of 88 and 4751296.
88
What is the highest common divisor of 9493990 and 176?
22
Calculate the highest common factor of 490623 and 586698.
1281
What is the highest common divisor of 150896226 and 6110?
1222
Calculate the highest common divisor of 3123 and 214635462.
1041
Calculate the greatest common factor of 35121917 and 2257.
37
What is the greatest common divisor of 1179 and 463689?
9
What is the greatest common divisor of 7347080 and 2272?
568
What is the highest common factor of 163489562 and 3314?
3314
Calculate the highest common factor of 2681 and 12952677.
383
What is the highest common factor of 725 and 1637100025?
725
Calculate the greatest common divisor of 52 and 391408121.
13
What is the highest common factor of 68643 and 2192661?
261
What is the highest common factor of 7619817 and 149739?
2109
Calculate the highest common divisor of 6120324 and 103668.
1956
What is the greatest common factor of 2816 and 6821824?
64
Calculate the highest common divisor of 1019700 and 38679300.
9900
What is the highest common divisor of 